= m**3 - 4*m**2 + 3*m + 15. Let j be a(5). What is the greatest common divisor of g and j?
11
Suppose 7*x - 47 = 93. Suppose 3*b - 16*n + x*n = 307, 5*b = 5*n + 465. What is the greatest common divisor of b and 97?
97
Let w(z) = z**3 - 7*z**2 + z**2 + 22 + 25*z - 60*z + 32*z. Let p be w(6). Suppose 4 = 5*d - 1. Calculate the highest common factor of d and p.
1
Suppose -2*h - 26 = -2*j, 12 = -4*j - 2*h + 46. Suppose j*v = 7*v. Let c be (v - -2)/(0 - (-2)/48). What is the greatest common factor of 24 and c?
24
Let j be (1/(36/(-347778)) - 17)*(-8)/10. What is the greatest common factor of 28 and j?
14
Let g(i) = 668*i**3 + 2*i**2 + 2*i + 1. Let f be g(-1). Let w = -13 + 17. Let u be f/(-7) + w/(-14). Calculate the highest common divisor of 19 and u.
19
Let n = 8363 + -8334. What is the greatest common divisor of 3 and n?
1
Suppose 72*b - 4305 = -40*b - 11*b. Let t(p) = -p**2 - 7*p + 2. Let j be t(-7). Let l be j - -1 - (-10 - -8). What is the highest common factor of l and b?
5
Suppose -3375 = -53*c + 48*c + 3*p, -5*p + 2663 = 4*c. What is the greatest common divisor of c and 60?
12
Let q(n) be the first derivative of 4*n**3/3 + 7*n**2/2 - 9*n + 16. Let a be q(-4). Let w = -162 - -171. Calculate the greatest common divisor of a and w.
9
Let l be (6/8)/((-11)/(-101508)). What is the greatest common factor of l and 36?
9
Let w(h) = 7089*h**2 + 6*h + 24. Let a be w(-2). Calculate the highest common divisor of 16 and a.
16
Let o be (336/(-20))/(4/(-70)). Let r = 2049 + -1965. What is the highest common divisor of r and o?
42
Suppose q = 2, -3*z + 8*z - 2*q = 1. Let o be (224/(-42))/((-15)/(-18) - z). Calculate the highest common divisor of o and 8.
8
Suppose 2*r - 564 = -4*w - 2*r, -5*w + 3*r = -673. Let x = -134 + w. What is the greatest common divisor of 21 and x?
3
Suppose 0 = -0*g - g - 83. Let v = -56 + 146. Let i = g + v. Calculate the greatest common factor of i and 14.
7
Let r = 234 + -32. Suppose -o + r = 41. Calculate the highest common divisor of 46 and o.
23
Let c be -8 + 6 - (-5892)/15 - 9/(-45). Calculate the highest common divisor of c and 92.
23
Let n(c) = 3*c**2 - 5*c + 5. Suppose -6 = -39*w + 37*w. Let s be n(w). Suppose 5 = -j - 5*h, -j + 8 = -h - s. Calculate the highest common factor of 100 and j.
20
Let o(w) = -w**2 + 2*w + 5. Let x be o(5). Let t(v) = 962*v + 1 + 21 - 1931*v + v**2 + 957*v. Let i be t(x). What is the highest common divisor of i and 22?
22
Suppose -19*v + 134 = 2*q - 15*v, 2*q + v - 146 = 0. Calculate the greatest common factor of q and 1845.
15
Let y be (-297)/66 - 345/(-10). Let c = 12 - -258. Calculate the highest common divisor of c and y.
30
Suppose 245*p - 154617 = 74999 + 47479. Calculate the highest common factor of 117 and p.
39
Let m be -12*4*(-4)/48 - -111. Suppose 0*j = 2*j - 4. Suppose -y + j*c + 17 = 0, -y = 4*c + 10 - 45. What is the greatest common factor of m and y?
23
Let r(x) = 1306*x + 6578. Let v be r(-5). Calculate the highest common divisor of 12288 and v.
48
Let x(m) = 2*m + 14. Let z be x(-6). Suppose 5*k + 3*o = z - 1, 0 = -2*k - 3*o - 5. Suppose 0*i + 370 = k*i. What is the greatest common divisor of i and 37?
37
Let j(s) = 32*s**3 + 3*s - 3. Let z = 356 - 354. Let d be j(z). Calculate the highest common divisor of 74 and d.
37
Suppose 311*j + 4407 + 9399 = 314*j. Calculate the greatest common factor of 351 and j.
39
Suppose 247*s = 246*s - 15834. Let r be -6 - 0 - -1*s/(-14). What is the greatest common factor of 15 and r?
15
Let q(g) = 270*g - 250. Let d be q(1). What is the greatest common divisor of 218 and d?
2
Let x be 1*3 - (19 - 18). Suppose -r - 10 = -x*p - 32, 0 = 2*p - 2*r + 20. Let m be (p - 3)/3*-9. Calculate the greatest common divisor of 18 and m.
9
Suppose c - 1128 = -11*c. Let a = -30 + c. Calculate the highest common factor of a and 16.
16
Let c = -2713 - -2728. What is the greatest common factor of 1095 and c?
15
Let o = 54651 + -54564. Suppose -113 = -j + 32. Calculate the greatest common factor of j and o.
29
Let v = -60 - -155. Suppose 908*i = 995*i - 435. What is the highest common divisor of i and v?
5
Let l be (2*(-2)/2)/((-7)/56). Let a(g) = 3*g - 40. Let s be a(l). Calculate the highest common divisor of s and 24.
8
Let w(t) = 4*t**2 + 10*t - 5. Let j(q) = -q - 6. Let n be j(-9). Let a be w(n). Let o = a - 50. What is the greatest common divisor of 33 and o?
11
Suppose 34*l - 4372 - 762 = 0. What is the highest common factor of l and 16459?
151
Suppose 3*b - 78 = -3*j, 3*b + j - 24 = 42. Let g(s) = 10*s**2 + 2*s + 1. Let a be g(-1). Let u = -4 + a. Calculate the greatest common factor of b and u.
5
Suppose f = -2*q + 3 - 4, 0 = 5*f + 4*q - 7. Let s(w) = w + 4. Let n be s(3). Let o be n - (-12)/(6 - f). What is the greatest common factor of o and 88?
11
Let a(o) = -o**3 + 14*o**2 + 47*o + 7. Let x be a(16). Suppose -v - x = -4*i, 4*i - 5*v - 253 = -2*v. What is the greatest common divisor of 549 and i?
61
Suppose -z + 2 = -58. Let b(h) = -h**3 + 85*h**2 - 154*h - 906. Let f be b(83). What is the highest common divisor of f and z?
30
Let v be (6/4 - 1)*4. Suppose 92*i + 5466 = 784*i - 1454. Calculate the highest common factor of v and i.
2
Let w(i) = i + 26. Let j be 609/58*(-8)/6. Let a be w(j). What is the highest common factor of a and 3?
3
Let c(h) = -19*h**2 - 20*h + 60. Let i be c(20). Let g be (i/(-3))/5 - 52/39. Calculate the highest common divisor of 32 and g.
16
Suppose 5*o + 4*d = -0*o - 28820, -4*d = o + 5780. Let q be (2/4)/((9 - 19)/o). What is the greatest common divisor of q and 32?
32
Suppose 52*a - 48*a - 441 = -3*z, -5*a + 4*z + 528 = 0. Calculate the greatest common factor of 189 and a.
27
Suppose 2*m = -2*p + 18, -3*p + 3*m = -5*p + 14. Let c = 773 - 422. Calculate the highest common factor of p and c.
13
Let k = -1174 + 2618. Calculate the greatest common divisor of 38 and k.
38
Let q be (-2888)/(-48) - (54/135)/(12/5). Calculate the highest common divisor of 21900 and q.
60
Suppose 2907 = 40*l + 17*l. Let b(h) be the second derivative of h**4/6 - 2*h**3/3 - h**2 - 7*h. Let u be b(-5). What is the highest common divisor of u and l?
17
Suppose 0 = -19*m + 2930 + 4024. What is the greatest common factor of 1586 and m?
122
Suppose 40*r - 17342 = 11*r. Let y = -382 + r. Calculate the highest common factor of 18 and y.
18
Let w = 6424 + -6379. What is the greatest common divisor of 55 and w?
5
Suppose 3*s = 2*z - 80, 4*z - 67 = 4*s + 45. Let h be (-10*25/40)/(2/s). What is the greatest common divisor of h and 3?
3
Let k be (8/(-10))/(125/(-350000)). What is the highest common factor of k and 20?
20
Let l(s) = -2*s**2 - 140*s + 31. Let n be l(-70). Calculate the highest common divisor of 2263 and n.
31
Let j be 8/6 - 3/(45/(-13615)). Let m = j + -605. What is the greatest common factor of 76 and m?
76
Let g(k) = -4*k + 11. Let n be g(2). Suppose -4*d - n*p + 45 = -2, -5*p - 71 = -4*d. Calculate the greatest common factor of d and 56.
14
Suppose 0 = 168*x - 295*x + 35687. What is the greatest common factor of 3 and x?
1
Let i be 2/(-3) + (-472)/(-6). Let l(q) = q**2 + 27*q + 40. Let t be l(-30). Suppose 0 = -d + t - 91. What is the highest common factor of i and d?
39
Let u = -161 - -260. Let j = -61 + u. Suppose -2*h + r = -111, -5*h = -3*r - 233 - 43. What is the greatest common factor of j and h?
19
Let i(t) = -284*t - 2816. Let q be i(-10). What is the greatest common divisor of 584 and q?
8
Suppose 0 = -331*p + 330*p + 4*b + 12, 0 = 3*p + 4*b - 36. Let o be 18/(-15)*-2*40. What is the highest common factor of o and p?
12
Suppose 0 = t - 3 - 4. Let m be -5 + (-414)/(-3) + -2. Let n = m - 110. Calculate the highest common factor of t and n.
7
Let w = 3517 - 2691. Calculate the highest common factor of 14 and w.
14
Suppose 152 = -2*a - 4*f + 280, a - 79 = 3*f. Calculate the highest common divisor of a and 190.
10
Let q(j) = 12*j + 1. Let k be q(4). Let c(i) = 45*i + 2579. Let l be c(-57). What is the highest common factor of l and k?
7
Suppose 2 + 0 = c. Let l(w) = -9 + 9*w + 3 - 2*w**c + w**2. Let r be l(7). Calculate the highest common divisor of 1 and r.
1
Suppose 20 = 2*a - 4*t, -3*a - 2*t - 2*t + 40 = 0. Let l(w) = 2*w**2 - 13*w + 57. Let q be l(a). What is the highest common divisor of 126 and q?
63
Let t(k) = k**2 - 17*k + 92. Let 